lculate i(23).
0
Let q(g) = -14*g + 488. Determine q(34).
12
Let u(o) = -o**3 + 142*o**2 + 113*o + 25207. Give u(144).
7
Let i(z) = z**3 + 35*z**2 - 115*z - 32. Give i(-38).
6
Let i(r) = -73*r**3 - r**2 + 3. Calculate i(1).
-71
Let b(i) = 64*i + 58. What is b(3)?
250
Let x(r) = 15*r**2 - 249*r - 31. Determine x(17).
71
Let q(k) = k**2 + 664*k + 36787. Calculate q(-61).
4
Let t(f) = -f - 161. Calculate t(-66).
-95
Let i(m) = -16*m**2 - 86*m + 104. Determine i(-7).
-78
Let b(m) = 13*m - 6. What is b(6)?
72
Let y(r) = -4471*r - 40228. Determine y(-9).
11
Let i(h) = 5*h**2 - 45*h - 13. Calculate i(10).
37
Let a(r) = -57*r - 3279. Give a(-58).
27
Let f(l) = 4*l**3 + 35*l**2 - 3*l - 215. Calculate f(-8).
1
Let k(w) = -18*w + 114. Calculate k(23).
-300
Let n(t) = -21*t**2 - 1327*t + 1092. What is n(-64)?
4
Let v(l) = 162*l + 14567. Give v(-90).
-13
Let l(j) = j**3 - 45*j**2 - 210*j - 42. Give l(-5).
-242
Let z(f) = 2*f**3 + 213*f**2 - 320*f + 412. What is z(-108)?
-20
Let i(w) = w**3 - 32*w**2 - 169*w - 596. What is i(37)?
-4
Let q(i) = i**3 - 74*i**2 + 65*i + 536. Calculate q(73).
-48
Let j(s) = -10*s**2 + 7*s - 54. Determine j(-5).
-339
Let f(u) = -948*u - 16145. Calculate f(-17).
-29
Let x(u) = 33*u**3 + u**2 + 15*u - 17. Determine x(2).
281
Let n(i) = 992*i - 3979. Determine n(4).
-11
Let y(a) = 810*a + 3241. What is y(-4)?
1
Let u(b) = 2*b**2 + 37*b + 159. What is u(-9)?
-12
Let u(m) = -37*m - 556. Give u(-15).
-1
Let a(s) = -s**3 + 7*s**2 - 3*s + 10. Calculate a(3).
37
Let p(t) = t**3 - 59*t**2 + 4*t + 120. Determine p(59).
356
Let s(m) = -2*m**3 + 11*m**2 + 53*m - 107. What is s(8)?
-3
Let w(x) = x**3 - 52*x**2 + 443*x + 95. Give w(11).
7
Let u(p) = p**2 - 239*p - 5748. Give u(-22).
-6
Let t(q) = 19*q - 38. Determine t(4).
38
Let z(r) = 2*r**2 - 37*r - 1302. What is z(-18)?
12
Let p(d) = d**3 + 175*d**2 - 180*d - 737. Calculate p(-176).
-33
Let u(d) = -d**3 + 16*d**2 + 54*d - 238. What is u(18)?
86
Let v(d) = -d**3 - 22*d**2 + 3*d + 120. What is v(-22)?
54
Let k(i) = -18*i**2 - 482*i + 111. Determine k(-27).
3
Let h(f) = -2*f**2 + 68*f - 116. Calculate h(28).
220
Let o(l) = -54*l - 1882. Calculate o(-35).
8
Let d(z) = -11*z**2 - 42*z - 299. What is d(-6)?
-443
Let v(t) = 4*t**2 + 186*t + 50. Calculate v(-46).
-42
Let k(t) = -8*t**2 - 1726*t + 433. Determine k(-216).
1
Let q(r) = -11*r**2 + 367*r - 110. What is q(33)?
22
Let j(g) = 18*g + 1349. Calculate j(-65).
179
Let n(t) = -20*t + 67. Calculate n(31).
-553
Let k(g) = -g**2 - 19*g - 86. What is k(-9)?
4
Let j(m) = -2*m**2 + 21*m + 212. What is j(22)?
-294
Let h(v) = 4*v + 131. Determine h(-14).
75
Let i(q) = -67*q**2 + 321*q + 33. Calculate i(5).
-37
Let j(o) = o**2 + 61*o + 521. Calculate j(-11).
-29
Let i(s) = 58*s**2 - 1049*s + 37. What is i(18)?
-53
Let s(v) = -v**3 + 13*v**2 + 92*v + 9. What is s(18)?
45
Let z(a) = a**3 - 57*a**2 + 55*a + 52. Determine z(56).
-4
Let k(q) = -18*q**2 + 43*q - 3. Give k(5).
-238
Let z(i) = -2*i**2 + 9*i - 89. Determine z(13).
-310
Let b(v) = -26*v**3 + 133*v**2 + 4*v - 12. Determine b(5).
83
Let r(v) = 79*v**3 + 947*v**2 - 29*v - 201. What is r(-12)?
3
Let s(x) = 933*x - 7433. What is s(8)?
31
Let z(i) = 29*i**2 + 6*i + 9. What is z(-5)?
704
Let x(y) = 348*y - 661. What is x(2)?
35
Let k(w) = -10*w**2 - 24*w - 55. Give k(-3).
-73
Let b(z) = 637*z + 6402. What is b(-10)?
32
Let a(k) = 11*k**2 - 898. Give a(9).
-7
Let p(t) = t**3 - t**2 - 29*t - 5. What is p(4)?
-73
Let a(m) = -18*m**2 - 7*m + 27. Calculate a(3).
-156
Let p(l) = -680*l + 22417. What is p(33)?
-23
Let n(j) = 9*j + 170. What is n(-12)?
62
Let r(o) = -o**3 + 9*o**2 - 13*o + 13. Give r(2).
15
Let o(k) = 308*k + 3623. Give o(-13).
-381
Let b(d) = -d**3 + 56*d**2 - 107*d - 60. Determine b(54).
-6
Let u(d) = -22*d - 1647. Determine u(-75).
3
Let u(g) = -15*g + 518. What is u(33)?
23
Let m(f) = -f**2 - 78*f + 6048. What is m(-126)?
0
Let o(t) = 549*t - 1654. What is o(3)?
-7
Let b(m) = -m**3 - 12*m**2 + 18*m - 302. Determine b(-15).
103
Let s(v) = 183*v + 2214. Determine s(-12).
18
Let d(x) = 12*x - 197. What is d(12)?
-53
Let y(z) = -142*z + 29. Calculate y(-8).
1165
Let u(f) = -23*f + 224. Give u(23).
-305
Let b(s) = 58*s - 27. What is b(2)?
89
Let r(g) = -19*g**3 - 15*g - 4. Determine r(0).
-4
Let o(p) = 6*p - 214. Calculate o(16).
-118
Let d(f) = -5158*f + 51583. What is d(10)?
3
Let v(c) = -4*c**2 - c - 130. What is v(6)?
-280
Let j(y) = 14*y - 472. Give j(33).
-10
Let x(c) = -c**2 - 10*c + 32747. Determine x(-186).
11
Let z(a) = -a**3 + 5*a**2 - 11*a + 4. What is z(3)?
-11
Let c(v) = -5*v**2 - 5*v + 17. Determine c(3).
-43
Let h(b) = 2*b**3 - 2*b**2 - 7*b + 24. Calculate h(5).
189
Let t(q) = 12026*q + 24074. Calculate t(-2).
22
Let h(g) = 23*g - 169. Give h(10).
61
Let q(y) = -2*y**3 - 3*y**2 + 33*y - 2. Determine q(-5).
8
Let g(h) = 2*h**3 - 165*h**2 - 83*h - 71. What is g(83)?
-71
Let f(p) = -4*p**2 + 258*p - 3906. Calculate f(40).
14
Let g(a) = 218*a**2 + 3708*a + 16. Calculate g(-17).
-18
Let c(x) = -148*x - 3012. Determine c(-20).
-52
Let f(k) = -10261*k - 1. Determine f(0).
-1
Let d(t) = -816*t**3 - 4*t**2 - 13*t - 8. Calculate d(-1).
817
Let q(l) = -l**3 - 33*l**2 - 94*l - 54. Determine q(-30).
66
Let m(u) = 2*u**3 - 6*u**2 - 2*u - 58. Determine m(6).
146
Let f(j) = -j**3 - 11*j**2 - 9*j + 20. Determine f(-10).
10
Let s(g) = -12*g**3 + 7*g**2 - 10*g + 7. What is s(3)?
-284
Let d(y) = -30*y + 443. What is d(15)?
-7
Let o(p) = -1801*p + 19815. Determine o(11).
4
Let b(m) = m**2 + 49*m + 592. What is b(-25)?
-8
Let k(h) = -2*h**2 + 26*h - 120. Determine k(4).
-48
Let v(u) = -61*u + 2551. Calculate v(42).
-11
Let g(b) = -b**3 + b**2 + 142. What is g(0)?
142
Let x(i) = 3*i**2 - 5*i + 15. Calculate x(7).
127
Let u(d) = -15*d - 23. What is u(-2)?
7
Let k(g) = -24*g - 866. Determine k(-38).
46
Let i(n) = -3*n**2 + 125*n + 184. Calculate i(42).
142
Let o(g) = -g**2 + 255*g + 3760. Give o(-14).
-6
Let z(m) = 11*m + 75. What is z(-12)?
-57
Let v(c) = c**2 - 392*c + 6. What is v(0)?
6
Let p(y) = -y**3 - 144*y**2 - 3152*y + 200. What is p(-27)?
11
Let s(r) = -2*r**2 + 44*r - 179. Determine s(13).
55
Let c(k) = -k**2 + 6*k + 185. Determine c(17).
-2
Let m(z) = 25*z**2 - 176*z + 7. Determine m(7).
0
Let m(w) = -3*w**2 - 78*w - 479. Calculate m(-6).
-119
Let i(v) = -v + 183. What is i(10)?
173
Let b(s) = s**3 + 26*s**2 + 278*s + 5541. Determine b(-24).
21
Let v(w) = -8*w + 293. Give v(22).
117
Let l(n) = 430*n - 6444. What is l(15)?
6
Let b(f) = f - 45. Calculate b(35).
-10
Let i(k) = 31*k + 265. Calculate i(-10).
-45
Let q(f) = -16643*f + 166433. Determine q(10).
3
Let l(i) = -9*i + 19. What is l(7)?
-44
Let x(t) = -t**3 + 35*t**2 - 40*t + 153. Give x(34).
-51
Let s(q) = 82*q**2 - 2056*q + 142. Determine s(25).
-8
Let g(b) = -581*b - 131. Calculate g(-1).
450
Let n(v) = v**2 + 32*v + 214. Determine n(-13).
-33
Let q(u) = 14*u**2 + 156*u + 10. Determine q(-11).
-12
Let d(c) = -31*c - 445. Determine d(-14).
-11
Let l(o) = 13*o**2 + 256*o + 1126. Calculate l(-13).
-5
Let i(j) = -j**2 + 21*j + 1007. Calculate i(44).
-5
Let c(s) = 374*s + 23566. Calculate c(-63).
4
Let d(c) = -c**3 + 16*c**2 + 46*c - 1111. What is d(13)?
-6
Let i(s) = -s**3 + 33*s**2 + 320*s + 324. Determine i(41).
-4
Let z(f) = f**2 - 36*f + 202. Give z(26).
-58
Let b(y) = 265*y - 1591. What is b(6)?
-1
Let h(w) = w**2 + 713*w - 11659. What is h(16)?
5
Let t(y) = 48*y + 835. Calculate t(-17).
19
Let u(y) = -3*y**2 + 172*y - 2459. Calculate u(30).
1
Let k(z) = -44*z - 158. Calculate k(-3).
-26
Let q(y) = -y**2 - 34*y + 4615. Determine q(-87).
4
Let s(z) = 6*z + 53. Determine s(-18).
-55
Let i(d) = d**3 + 16*d**2 + 31*d + 22. Give i(-14).
-20
Let s(f) = -f**2 + 46*f + 1307. Give s(-19).
72
Let i(a) = 135*a**2 - 6344*a - 80. Calculate i(47).
-33
Let o(k) = -2*k**2 + 89*k - 833. Determine o(10).
-143
Let b(z) = -z**3 + 4*z**2 + 7*z - 2. Give b(-2).
8
Let x(y) = -y**3 + 12*y**2 - 9*y - 55. Give x(10).
55
Let h(b) = b**3 + b**2 + 97*b + 279. Give h(-3).
-30
Let s(u) = 4*u**3 - 10*u**2 - 21*u + 6. Give s(-2).
-24
Let k(o) = 1509*o**2 - 16600*o + 5. What is k(11)?
-6
Let h(w) = -w**2 + 65*w + 1517. What is h(83)?
23
Let j(r) = 8*r**3 - 613*r**2 - 230*r - 78. Determine j(77).
-1
Let l(r) = 5*r**3 - 555*r**2 + 3*r - 330. Determine l(111).
3
Le